{"id":2505,"date":"2023-10-09T00:06:59","date_gmt":"2023-10-08T21:06:59","guid":{"rendered":"https:\/\/delphi.econtentsys.gr\/index.php\/station-de-ski-du-mont-parnasse\/"},"modified":"2023-10-14T18:55:43","modified_gmt":"2023-10-14T15:55:43","slug":"station-de-ski-du-mont-parnasse","status":"publish","type":"page","link":"https:\/\/delphi.econtentsys.gr\/index.php\/station-de-ski-du-mont-parnasse\/?lang=fr","title":{"rendered":"Station de Ski du Mont Parnasse"},"content":{"rendered":"\t\t<div data-elementor-type=\"wp-page\" data-elementor-id=\"2505\" class=\"elementor elementor-2505 elementor-1558\" data-elementor-post-type=\"page\">\n\t\t\t\t\t\t\t<div class=\"elementor-element elementor-element-a5b5167 e-flex e-con-boxed e-con e-parent\" data-id=\"a5b5167\" data-element_type=\"container\" data-settings=\"{&quot;background_background&quot;:&quot;classic&quot;,&quot;content_width&quot;:&quot;boxed&quot;}\" data-core-v316-plus=\"true\">\n\t\t\t\t\t<div class=\"e-con-inner\">\n\t\t<div class=\"elementor-element elementor-element-aa5138b e-con-full e-flex e-con e-child\" data-id=\"aa5138b\" data-element_type=\"container\" data-settings=\"{&quot;content_width&quot;:&quot;full&quot;}\">\n\t\t\t\t<div class=\"elementor-element elementor-element-4575da9 elementor-widget-mobile__width-auto elementor-absolute elementor-widget elementor-widget-button\" data-id=\"4575da9\" data-element_type=\"widget\" data-settings=\"{&quot;_position&quot;:&quot;absolute&quot;}\" data-widget_type=\"button.default\">\n\t\t\t\t<div class=\"elementor-widget-container\">\n\t\t\t\t\t<div class=\"elementor-button-wrapper\">\n\t\t\t<a class=\"elementor-button elementor-button-link elementor-size-sm\" href=\"https:\/\/delphi.econtentsys.gr\/index.php\/gallery-2\/%cf%87%ce%b9%ce%bf%ce%bd%ce%bf%ce%b4%cf%81%ce%bf%ce%bc%ce%b9%ce%ba%cf%8c-%ce%ba%ce%ad%ce%bd%cf%84%cf%81%ce%bf\/\">\n\t\t\t\t\t\t<span class=\"elementor-button-content-wrapper\">\n\t\t\t\t\t\t<span class=\"elementor-button-text\">Photo Gallery<\/span>\n\t\t<\/span>\n\t\t\t\t\t<\/a>\n\t\t<\/div>\n\t\t\t\t<\/div>\n\t\t\t\t<\/div>\n\t\t\t\t<\/div>\n\t\t<div class=\"elementor-element elementor-element-c135935 e-con-full e-flex e-con e-child\" data-id=\"c135935\" data-element_type=\"container\" data-settings=\"{&quot;content_width&quot;:&quot;full&quot;}\">\n\t\t\t\t<div class=\"elementor-element elementor-element-f72dc39 elementor-widget-mobile__width-auto elementor-absolute elementor-widget elementor-widget-button\" data-id=\"f72dc39\" data-element_type=\"widget\" data-settings=\"{&quot;_position&quot;:&quot;absolute&quot;}\" data-widget_type=\"button.default\">\n\t\t\t\t<div class=\"elementor-widget-container\">\n\t\t\t\t\t<div class=\"elementor-button-wrapper\">\n\t\t\t<a class=\"elementor-button elementor-button-link elementor-size-sm\" href=\"https:\/\/delphi.econtentsys.gr\/index.php\/videos-delphi\/?lang=fr\">\n\t\t\t\t\t\t<span class=\"elementor-button-content-wrapper\">\n\t\t\t\t\t\t<span class=\"elementor-button-text\">Video Gallery<\/span>\n\t\t<\/span>\n\t\t\t\t\t<\/a>\n\t\t<\/div>\n\t\t\t\t<\/div>\n\t\t\t\t<\/div>\n\t\t\t\t<\/div>\n\t\t\t\t\t<\/div>\n\t\t\t\t<\/div>\n\t\t<div class=\"elementor-element elementor-element-14d39941 e-flex e-con-boxed e-con e-parent\" data-id=\"14d39941\" data-element_type=\"container\" data-settings=\"{&quot;content_width&quot;:&quot;boxed&quot;}\" data-core-v316-plus=\"true\">\n\t\t\t\t\t<div class=\"e-con-inner\">\n\t\t\t\t<div class=\"elementor-element elementor-element-5ac7467d elementor-widget elementor-widget-text-editor\" data-id=\"5ac7467d\" data-element_type=\"widget\" data-widget_type=\"text-editor.default\">\n\t\t\t\t<div class=\"elementor-widget-container\">\n\t\t\t<style>\/*! elementor - v3.16.0 - 09-10-2023 *\/\n.elementor-widget-text-editor.elementor-drop-cap-view-stacked .elementor-drop-cap{background-color:#69727d;color:#fff}.elementor-widget-text-editor.elementor-drop-cap-view-framed .elementor-drop-cap{color:#69727d;border:3px solid;background-color:transparent}.elementor-widget-text-editor:not(.elementor-drop-cap-view-default) .elementor-drop-cap{margin-top:8px}.elementor-widget-text-editor:not(.elementor-drop-cap-view-default) .elementor-drop-cap-letter{width:1em;height:1em}.elementor-widget-text-editor .elementor-drop-cap{float:left;text-align:center;line-height:1;font-size:50px}.elementor-widget-text-editor .elementor-drop-cap-letter{display:inline-block}<\/style>\t\t\t\t<p>La plus grande station de sports de neige de Gr\u00e8ce se trouve sur la terre de Delphes. Avec 19 pistes (de 50m \u00e0 4km de long, pour tous les niveaux), 7 parcours, 10 sentiers et 3 mini pistes pour d\u00e9butants, d\u2019une longueur totale de pr\u00e8s de 36 kilom\u00e8tres, voici de quoi enthousiasmer les amis des sports de neige. Pour les amoureux de l\u2019aventure, il existe \u00e9galement 12 parcours \u00ab noirs \u00bb en hors piste, \u00e0 la neige profonde pour encore plus d\u2019adr\u00e9naline. La Station de Ski du Mont Parnasse se distingue pour son haut niveau de s\u00e9curit\u00e9 tant en mati\u00e8re d\u2019installations que d\u2019\u00e9quipements et en g\u00e9n\u00e9ral de fonctionnement. La station dispose de deux chalets-caf\u00e9t\u00e9rias et d\u2019un restaurants, d\u2019\u00e9coles de ski et de snowboard, de boutiques de location d\u2019\u00e9quipements de ski, d\u2019un service de garde d\u2019enfants dot\u00e9 d\u2019une aire de jeu pour nos jeunes visiteurs, et au lieudit \u00ab K\u00e9laria 1750 \u00bb, d\u2019une boutique d\u2019entretien ski et snowboard. La Station de Ski du Mont Parnasse assure \u00e0 tous, sportifs et visiteurs, une couverture m\u00e9dicale.     <\/p>\n\t\t\t\t\t\t<\/div>\n\t\t\t\t<\/div>\n\t\t\t\t\t<\/div>\n\t\t\t\t<\/div>\n\t\t\t\t\t\t\t<\/div>\n\t\t","protected":false},"excerpt":{"rendered":"<p>Photo Gallery Video Gallery La plus grande station de sports de neige de Gr\u00e8ce se trouve sur la terre de Delphes. Avec 19 pistes (de 50m \u00e0 4km de long, pour tous les niveaux), 7 parcours, 10 sentiers et 3 mini pistes pour d\u00e9butants, d\u2019une longueur totale de pr\u00e8s de 36 kilom\u00e8tres, voici de quoi [&hellip;]<\/p>\n","protected":false},"author":1,"featured_media":0,"parent":0,"menu_order":0,"comment_status":"closed","ping_status":"closed","template":"","meta":{"_vp_format_video_url":"","_vp_image_focal_point":[],"footnotes":""},"class_list":["post-2505","page","type-page","status-publish","hentry"],"_links":{"self":[{"href":"https:\/\/delphi.econtentsys.gr\/index.php\/wp-json\/wp\/v2\/pages\/2505","targetHints":{"allow":["GET"]}}],"collection":[{"href":"https:\/\/delphi.econtentsys.gr\/index.php\/wp-json\/wp\/v2\/pages"}],"about":[{"href":"https:\/\/delphi.econtentsys.gr\/index.php\/wp-json\/wp\/v2\/types\/page"}],"author":[{"embeddable":true,"href":"https:\/\/delphi.econtentsys.gr\/index.php\/wp-json\/wp\/v2\/users\/1"}],"replies":[{"embeddable":true,"href":"https:\/\/delphi.econtentsys.gr\/index.php\/wp-json\/wp\/v2\/comments?post=2505"}],"version-history":[{"count":3,"href":"https:\/\/delphi.econtentsys.gr\/index.php\/wp-json\/wp\/v2\/pages\/2505\/revisions"}],"predecessor-version":[{"id":3909,"href":"https:\/\/delphi.econtentsys.gr\/index.php\/wp-json\/wp\/v2\/pages\/2505\/revisions\/3909"}],"wp:attachment":[{"href":"https:\/\/delphi.econtentsys.gr\/index.php\/wp-json\/wp\/v2\/media?parent=2505"}],"curies":[{"name":"wp","href":"https:\/\/api.w.org\/{rel}","templated":true}]}}