{"id":2439,"date":"2023-10-09T00:09:09","date_gmt":"2023-10-08T21:09:09","guid":{"rendered":"https:\/\/delphi.econtentsys.gr\/index.php\/le-parc-national-du-mont-parnasse\/"},"modified":"2023-10-14T18:42:00","modified_gmt":"2023-10-14T15:42:00","slug":"le-parc-national-du-mont-parnasse","status":"publish","type":"page","link":"https:\/\/delphi.econtentsys.gr\/index.php\/le-parc-national-du-mont-parnasse\/?lang=fr","title":{"rendered":"Le Parc National du Mont Parnasse"},"content":{"rendered":"\t\t<div data-elementor-type=\"wp-page\" data-elementor-id=\"2439\" class=\"elementor elementor-2439 elementor-1566\" data-elementor-post-type=\"page\">\n\t\t\t\t\t\t\t<div class=\"elementor-element elementor-element-a5b5167 e-flex e-con-boxed e-con e-parent\" data-id=\"a5b5167\" data-element_type=\"container\" data-settings=\"{&quot;background_background&quot;:&quot;classic&quot;,&quot;content_width&quot;:&quot;boxed&quot;}\" data-core-v316-plus=\"true\">\n\t\t\t\t\t<div class=\"e-con-inner\">\n\t\t\t\t\t<\/div>\n\t\t\t\t<\/div>\n\t\t<div class=\"elementor-element elementor-element-14d39941 e-flex e-con-boxed e-con e-parent\" data-id=\"14d39941\" data-element_type=\"container\" data-settings=\"{&quot;content_width&quot;:&quot;boxed&quot;}\" data-core-v316-plus=\"true\">\n\t\t\t\t\t<div class=\"e-con-inner\">\n\t\t\t\t<div class=\"elementor-element elementor-element-b893a89 elementor-widget-mobile__width-auto elementor-align-center elementor-widget elementor-widget-button\" data-id=\"b893a89\" data-element_type=\"widget\" data-widget_type=\"button.default\">\n\t\t\t\t<div class=\"elementor-widget-container\">\n\t\t\t\t\t<div class=\"elementor-button-wrapper\">\n\t\t\t<a class=\"elementor-button elementor-button-link elementor-size-sm\" href=\"https:\/\/delphi.econtentsys.gr\/index.php\/gallery-2\/%ce%bf-%ce%b5%ce%b8%ce%bd%ce%b9%ce%ba%cf%8c%cf%82-%ce%b4%cf%81%cf%85%ce%bc%cf%8c%cf%82-%cf%80%ce%b1%cf%81%ce%bd%ce%b1%cf%83%cf%83%ce%bf%cf%8d\/\">\n\t\t\t\t\t\t<span class=\"elementor-button-content-wrapper\">\n\t\t\t\t\t\t<span class=\"elementor-button-text\">Photo Gallery<\/span>\n\t\t<\/span>\n\t\t\t\t\t<\/a>\n\t\t<\/div>\n\t\t\t\t<\/div>\n\t\t\t\t<\/div>\n\t\t\t\t<div class=\"elementor-element elementor-element-5ac7467d elementor-widget elementor-widget-text-editor\" data-id=\"5ac7467d\" data-element_type=\"widget\" data-widget_type=\"text-editor.default\">\n\t\t\t\t<div class=\"elementor-widget-container\">\n\t\t\t<style>\/*! elementor - v3.16.0 - 09-10-2023 *\/\n.elementor-widget-text-editor.elementor-drop-cap-view-stacked .elementor-drop-cap{background-color:#69727d;color:#fff}.elementor-widget-text-editor.elementor-drop-cap-view-framed .elementor-drop-cap{color:#69727d;border:3px solid;background-color:transparent}.elementor-widget-text-editor:not(.elementor-drop-cap-view-default) .elementor-drop-cap{margin-top:8px}.elementor-widget-text-editor:not(.elementor-drop-cap-view-default) .elementor-drop-cap-letter{width:1em;height:1em}.elementor-widget-text-editor .elementor-drop-cap{float:left;text-align:center;line-height:1;font-size:50px}.elementor-widget-text-editor .elementor-drop-cap-letter{display:inline-block}<\/style>\t\t\t\t<p>Le Parc fut fond\u00e9 en 1938. C\u2019\u00e9tait le second Parc National de Gr\u00e8ce, apr\u00e8s celui de l\u2019Olympe. Il couvre une superficie de 3695 hectares. La qualit\u00e9 et l\u2019importance particuli\u00e8re de la r\u00e9gion tiennent \u00e0 la valeur \u00e9cologique et esth\u00e9tique des \u00e9l\u00e9ments naturels, et tout particuli\u00e8rement de sa biodiversit\u00e9. Du point de vue \u00e9cologique, il y est pr\u00e9serv\u00e9 une grande vari\u00e9t\u00e9 de types de v\u00e9g\u00e9tation pr\u00e9sentant une structure exceptionnelle. On y trouve des pr\u00e9s alpins \u00e0 haute altitude, des roches nues et une impressionnante for\u00eat de sapins de C\u00e9phalonie. Ces caract\u00e9ristiques, combin\u00e9es \u00e0 la g\u00e9omorphologie int\u00e9ressante de la r\u00e9gion, en font un environnement particuli\u00e8rement riche en faune et en flore. Le noyau du Parc co\u00efncide avec la Zone de Protection Sp\u00e9ciale (ZPS) conform\u00e9ment \u00e0 la Directive 79\/409 (dite \u00ab Directive des Oiseaux \u00bb). La r\u00e9gion joue un r\u00f4le de premi\u00e8re importance pour les oiseaux de proie, les piverts et autres esp\u00e8ces.        <\/p>\n\t\t\t\t\t\t<\/div>\n\t\t\t\t<\/div>\n\t\t\t\t\t<\/div>\n\t\t\t\t<\/div>\n\t\t\t\t\t\t\t<\/div>\n\t\t","protected":false},"excerpt":{"rendered":"<p>Photo Gallery Le Parc fut fond\u00e9 en 1938. C\u2019\u00e9tait le second Parc National de Gr\u00e8ce, apr\u00e8s celui de l\u2019Olympe. Il couvre une superficie de 3695 hectares. La qualit\u00e9 et l\u2019importance particuli\u00e8re de la r\u00e9gion tiennent \u00e0 la valeur \u00e9cologique et esth\u00e9tique des \u00e9l\u00e9ments naturels, et tout particuli\u00e8rement de sa biodiversit\u00e9. Du point de vue \u00e9cologique, [&hellip;]<\/p>\n","protected":false},"author":1,"featured_media":0,"parent":0,"menu_order":0,"comment_status":"closed","ping_status":"closed","template":"","meta":{"_vp_format_video_url":"","_vp_image_focal_point":[],"footnotes":""},"class_list":["post-2439","page","type-page","status-publish","hentry"],"_links":{"self":[{"href":"https:\/\/delphi.econtentsys.gr\/index.php\/wp-json\/wp\/v2\/pages\/2439","targetHints":{"allow":["GET"]}}],"collection":[{"href":"https:\/\/delphi.econtentsys.gr\/index.php\/wp-json\/wp\/v2\/pages"}],"about":[{"href":"https:\/\/delphi.econtentsys.gr\/index.php\/wp-json\/wp\/v2\/types\/page"}],"author":[{"embeddable":true,"href":"https:\/\/delphi.econtentsys.gr\/index.php\/wp-json\/wp\/v2\/users\/1"}],"replies":[{"embeddable":true,"href":"https:\/\/delphi.econtentsys.gr\/index.php\/wp-json\/wp\/v2\/comments?post=2439"}],"version-history":[{"count":3,"href":"https:\/\/delphi.econtentsys.gr\/index.php\/wp-json\/wp\/v2\/pages\/2439\/revisions"}],"predecessor-version":[{"id":3825,"href":"https:\/\/delphi.econtentsys.gr\/index.php\/wp-json\/wp\/v2\/pages\/2439\/revisions\/3825"}],"wp:attachment":[{"href":"https:\/\/delphi.econtentsys.gr\/index.php\/wp-json\/wp\/v2\/media?parent=2439"}],"curies":[{"name":"wp","href":"https:\/\/api.w.org\/{rel}","templated":true}]}}

<div data-elementor-type="wp-page" data-elementor-id="2439" class="elementor elementor-2439 elementor-1566" data-elementor-post-type="page">
							<div class="elementor-element elementor-element-a5b5167 e-flex e-con-boxed e-con e-parent" data-id="a5b5167" data-element_type="container" data-settings="{&quot;background_background&quot;:&quot;classic&quot;,&quot;content_width&quot;:&quot;boxed&quot;}" data-core-v316-plus="true">
					<div class="e-con-inner">
					</div>
				</div>
		<div class="elementor-element elementor-element-14d39941 e-flex e-con-boxed e-con e-parent" data-id="14d39941" data-element_type="container" data-settings="{&quot;content_width&quot;:&quot;boxed&quot;}" data-core-v316-plus="true">
					<div class="e-con-inner">
				<div class="elementor-element elementor-element-b893a89 elementor-widget-mobile__width-auto elementor-align-center elementor-widget elementor-widget-button" data-id="b893a89" data-element_type="widget" data-widget_type="button.default">
				<div class="elementor-widget-container">
					<div class="elementor-button-wrapper">
			<a class="elementor-button elementor-button-link elementor-size-sm" href="https://delphi.econtentsys.gr/index.php/gallery-2/%ce%bf-%ce%b5%ce%b8%ce%bd%ce%b9%ce%ba%cf%8c%cf%82-%ce%b4%cf%81%cf%85%ce%bc%cf%8c%cf%82-%cf%80%ce%b1%cf%81%ce%bd%ce%b1%cf%83%cf%83%ce%bf%cf%8d/">
						<span class="elementor-button-content-wrapper">
						<span class="elementor-button-text">Photo Gallery</span>
		</span>
					</a>
		</div>
				</div>
				</div>
				<div class="elementor-element elementor-element-5ac7467d elementor-widget elementor-widget-text-editor" data-id="5ac7467d" data-element_type="widget" data-widget_type="text-editor.default">
				<div class="elementor-widget-container">
			<style>/*! elementor - v3.16.0 - 09-10-2023 */
.elementor-widget-text-editor.elementor-drop-cap-view-stacked .elementor-drop-cap{background-color:#69727d;color:#fff}.elementor-widget-text-editor.elementor-drop-cap-view-framed .elementor-drop-cap{color:#69727d;border:3px solid;background-color:transparent}.elementor-widget-text-editor:not(.elementor-drop-cap-view-default) .elementor-drop-cap{margin-top:8px}.elementor-widget-text-editor:not(.elementor-drop-cap-view-default) .elementor-drop-cap-letter{width:1em;height:1em}.elementor-widget-text-editor .elementor-drop-cap{float:left;text-align:center;line-height:1;font-size:50px}.elementor-widget-text-editor .elementor-drop-cap-letter{display:inline-block}</style>				<p>Le Parc fut fondé en 1938. C’était le second Parc National de Grèce, après celui de l’Olympe. Il couvre une superficie de 3695 hectares. La qualité et l’importance particulière de la région tiennent à la valeur écologique et esthétique des éléments naturels, et tout particulièrement de sa biodiversité. Du point de vue écologique, il y est préservé une grande variété de types de végétation présentant une structure exceptionnelle. On y trouve des prés alpins à haute altitude, des roches nues et une impressionnante forêt de sapins de Céphalonie. Ces caractéristiques, combinées à la géomorphologie intéressante de la région, en font un environnement particulièrement riche en faune et en flore. Le noyau du Parc coïncide avec la Zone de Protection Spéciale (ZPS) conformément à la Directive 79/409 (dite « Directive des Oiseaux »). La région joue un rôle de première importance pour les oiseaux de proie, les piverts et autres espèces.        </p>
						</div>
				</div>
					</div>
				</div>
							</div>

<p>Photo Gallery Le Parc fut fondé en 1938. C’était le second Parc National de Grèce, après celui de l’Olympe. Il couvre une superficie de 3695 hectares. La qualité et l’importance particulière de la région tiennent à la valeur écologique et esthétique des éléments naturels, et tout particulièrement de sa biodiversité. Du point de vue écologique, [&hellip;]</p>
