{"id":2322,"date":"2023-10-09T00:17:01","date_gmt":"2023-10-08T21:17:01","guid":{"rendered":"https:\/\/delphi.econtentsys.gr\/index.php\/lenceinte-archeologique-de-la-ville-basse\/"},"modified":"2023-10-14T18:16:20","modified_gmt":"2023-10-14T15:16:20","slug":"lenceinte-archeologique-de-la-ville-basse","status":"publish","type":"page","link":"https:\/\/delphi.econtentsys.gr\/index.php\/lenceinte-archeologique-de-la-ville-basse\/?lang=fr","title":{"rendered":"L&#8217;enceinte arch\u00e9ologique de la ville basse"},"content":{"rendered":"\t\t<div data-elementor-type=\"wp-page\" data-elementor-id=\"2322\" class=\"elementor elementor-2322 elementor-1596\" data-elementor-post-type=\"page\">\n\t\t\t\t\t\t\t<div class=\"elementor-element elementor-element-a5b5167 e-flex e-con-boxed e-con e-parent\" data-id=\"a5b5167\" data-element_type=\"container\" data-settings=\"{&quot;background_background&quot;:&quot;classic&quot;,&quot;content_width&quot;:&quot;boxed&quot;}\" data-core-v316-plus=\"true\">\n\t\t\t\t\t<div class=\"e-con-inner\">\n\t\t\t\t\t<\/div>\n\t\t\t\t<\/div>\n\t\t<div class=\"elementor-element elementor-element-14d39941 e-flex e-con-boxed e-con e-parent\" data-id=\"14d39941\" data-element_type=\"container\" data-settings=\"{&quot;content_width&quot;:&quot;boxed&quot;}\" data-core-v316-plus=\"true\">\n\t\t\t\t\t<div class=\"e-con-inner\">\n\t\t\t\t<div class=\"elementor-element elementor-element-4575da9 elementor-widget-mobile__width-auto elementor-align-center elementor-widget elementor-widget-button\" data-id=\"4575da9\" data-element_type=\"widget\" data-widget_type=\"button.default\">\n\t\t\t\t<div class=\"elementor-widget-container\">\n\t\t\t\t\t<div class=\"elementor-button-wrapper\">\n\t\t\t<a class=\"elementor-button elementor-button-link elementor-size-sm\" href=\"https:\/\/delphi.econtentsys.gr\/index.php\/gallery-2\/%ce%b1%cf%81%cf%87%ce%b1%ce%b9%ce%bf%ce%bb%ce%bf%ce%b3%ce%b9%ce%ba%cf%8c%cf%82-%cf%80%ce%b5%cf%81%ce%af%ce%b2%ce%bf%ce%bb%ce%bf%cf%82-%cf%84%ce%b7%cf%82-%ce%ba%ce%ac%cf%84%cf%89-%cf%80%cf%8c%ce%bb\/\">\n\t\t\t\t\t\t<span class=\"elementor-button-content-wrapper\">\n\t\t\t\t\t\t<span class=\"elementor-button-text\">Photo Gallery<\/span>\n\t\t<\/span>\n\t\t\t\t\t<\/a>\n\t\t<\/div>\n\t\t\t\t<\/div>\n\t\t\t\t<\/div>\n\t\t\t\t<div class=\"elementor-element elementor-element-5ac7467d elementor-widget elementor-widget-text-editor\" data-id=\"5ac7467d\" data-element_type=\"widget\" data-widget_type=\"text-editor.default\">\n\t\t\t\t<div class=\"elementor-widget-container\">\n\t\t\t<style>\/*! elementor - v3.16.0 - 09-10-2023 *\/\n.elementor-widget-text-editor.elementor-drop-cap-view-stacked .elementor-drop-cap{background-color:#69727d;color:#fff}.elementor-widget-text-editor.elementor-drop-cap-view-framed .elementor-drop-cap{color:#69727d;border:3px solid;background-color:transparent}.elementor-widget-text-editor:not(.elementor-drop-cap-view-default) .elementor-drop-cap{margin-top:8px}.elementor-widget-text-editor:not(.elementor-drop-cap-view-default) .elementor-drop-cap-letter{width:1em;height:1em}.elementor-widget-text-editor .elementor-drop-cap{float:left;text-align:center;line-height:1;font-size:50px}.elementor-widget-text-editor .elementor-drop-cap-letter{display:inline-block}<\/style>\t\t\t\t<p>Elle est d\u00e9limit\u00e9e par le mur de fortification de la fin du IVe si\u00e8cle av. qui en fait le tour et dont la majeure partie est visible \u00e0 diff\u00e9rentes hauteurs. Son plan d&#8217;\u00e9tage a \u00e9t\u00e9 \u00e9tudi\u00e9 et enregistr\u00e9 par de nombreux arch\u00e9ologues \u00e9trangers du si\u00e8cle dernier, les derniers \u00e9tant Michaud et Blecon. Il occupe une superficie (avec l&#8217;Acropole) d&#8217;environ 150 acres. Toute la zone \u00e0 l&#8217;int\u00e9rieur et \u00e0 l&#8217;ext\u00e9rieur des murs, pendant les premi\u00e8res ann\u00e9es post-r\u00e9volutionnaires, a \u00e9t\u00e9 occup\u00e9e par les habitants ruraux, d\u00e9barrass\u00e9e des b\u00e2timents anciens restants et transform\u00e9e en champs irrigu\u00e9s. Aujourd&#8217;hui, les champs sont pour la plupart abandonn\u00e9s et seules les anciennes fondations sur leurs fronti\u00e8res survivent.<\/p>\n\t\t\t\t\t\t<\/div>\n\t\t\t\t<\/div>\n\t\t\t\t\t<\/div>\n\t\t\t\t<\/div>\n\t\t\t\t\t\t\t<\/div>\n\t\t","protected":false},"excerpt":{"rendered":"<p>Photo Gallery Elle est d\u00e9limit\u00e9e par le mur de fortification de la fin du IVe si\u00e8cle av. qui en fait le tour et dont la majeure partie est visible \u00e0 diff\u00e9rentes hauteurs. Son plan d&#8217;\u00e9tage a \u00e9t\u00e9 \u00e9tudi\u00e9 et enregistr\u00e9 par de nombreux arch\u00e9ologues \u00e9trangers du si\u00e8cle dernier, les derniers \u00e9tant Michaud et Blecon. Il [&hellip;]<\/p>\n","protected":false},"author":1,"featured_media":0,"parent":0,"menu_order":0,"comment_status":"closed","ping_status":"closed","template":"","meta":{"_vp_format_video_url":"","_vp_image_focal_point":[],"footnotes":""},"class_list":["post-2322","page","type-page","status-publish","hentry"],"_links":{"self":[{"href":"https:\/\/delphi.econtentsys.gr\/index.php\/wp-json\/wp\/v2\/pages\/2322","targetHints":{"allow":["GET"]}}],"collection":[{"href":"https:\/\/delphi.econtentsys.gr\/index.php\/wp-json\/wp\/v2\/pages"}],"about":[{"href":"https:\/\/delphi.econtentsys.gr\/index.php\/wp-json\/wp\/v2\/types\/page"}],"author":[{"embeddable":true,"href":"https:\/\/delphi.econtentsys.gr\/index.php\/wp-json\/wp\/v2\/users\/1"}],"replies":[{"embeddable":true,"href":"https:\/\/delphi.econtentsys.gr\/index.php\/wp-json\/wp\/v2\/comments?post=2322"}],"version-history":[{"count":5,"href":"https:\/\/delphi.econtentsys.gr\/index.php\/wp-json\/wp\/v2\/pages\/2322\/revisions"}],"predecessor-version":[{"id":3693,"href":"https:\/\/delphi.econtentsys.gr\/index.php\/wp-json\/wp\/v2\/pages\/2322\/revisions\/3693"}],"wp:attachment":[{"href":"https:\/\/delphi.econtentsys.gr\/index.php\/wp-json\/wp\/v2\/media?parent=2322"}],"curies":[{"name":"wp","href":"https:\/\/api.w.org\/{rel}","templated":true}]}}

L&#8217;enceinte archéologique de la ville basse

<div data-elementor-type="wp-page" data-elementor-id="2322" class="elementor elementor-2322 elementor-1596" data-elementor-post-type="page">
							<div class="elementor-element elementor-element-a5b5167 e-flex e-con-boxed e-con e-parent" data-id="a5b5167" data-element_type="container" data-settings="{&quot;background_background&quot;:&quot;classic&quot;,&quot;content_width&quot;:&quot;boxed&quot;}" data-core-v316-plus="true">
					<div class="e-con-inner">
					</div>
				</div>
		<div class="elementor-element elementor-element-14d39941 e-flex e-con-boxed e-con e-parent" data-id="14d39941" data-element_type="container" data-settings="{&quot;content_width&quot;:&quot;boxed&quot;}" data-core-v316-plus="true">
					<div class="e-con-inner">
				<div class="elementor-element elementor-element-4575da9 elementor-widget-mobile__width-auto elementor-align-center elementor-widget elementor-widget-button" data-id="4575da9" data-element_type="widget" data-widget_type="button.default">
				<div class="elementor-widget-container">
					<div class="elementor-button-wrapper">
			<a class="elementor-button elementor-button-link elementor-size-sm" href="https://delphi.econtentsys.gr/index.php/gallery-2/%ce%b1%cf%81%cf%87%ce%b1%ce%b9%ce%bf%ce%bb%ce%bf%ce%b3%ce%b9%ce%ba%cf%8c%cf%82-%cf%80%ce%b5%cf%81%ce%af%ce%b2%ce%bf%ce%bb%ce%bf%cf%82-%cf%84%ce%b7%cf%82-%ce%ba%ce%ac%cf%84%cf%89-%cf%80%cf%8c%ce%bb/">
						<span class="elementor-button-content-wrapper">
						<span class="elementor-button-text">Photo Gallery</span>
		</span>
					</a>
		</div>
				</div>
				</div>
				<div class="elementor-element elementor-element-5ac7467d elementor-widget elementor-widget-text-editor" data-id="5ac7467d" data-element_type="widget" data-widget_type="text-editor.default">
				<div class="elementor-widget-container">
			<style>/*! elementor - v3.16.0 - 09-10-2023 */
.elementor-widget-text-editor.elementor-drop-cap-view-stacked .elementor-drop-cap{background-color:#69727d;color:#fff}.elementor-widget-text-editor.elementor-drop-cap-view-framed .elementor-drop-cap{color:#69727d;border:3px solid;background-color:transparent}.elementor-widget-text-editor:not(.elementor-drop-cap-view-default) .elementor-drop-cap{margin-top:8px}.elementor-widget-text-editor:not(.elementor-drop-cap-view-default) .elementor-drop-cap-letter{width:1em;height:1em}.elementor-widget-text-editor .elementor-drop-cap{float:left;text-align:center;line-height:1;font-size:50px}.elementor-widget-text-editor .elementor-drop-cap-letter{display:inline-block}</style>				<p>Elle est délimitée par le mur de fortification de la fin du IVe siècle av. qui en fait le tour et dont la majeure partie est visible à différentes hauteurs. Son plan d&#8217;étage a été étudié et enregistré par de nombreux archéologues étrangers du siècle dernier, les derniers étant Michaud et Blecon. Il occupe une superficie (avec l&#8217;Acropole) d&#8217;environ 150 acres. Toute la zone à l&#8217;intérieur et à l&#8217;extérieur des murs, pendant les premières années post-révolutionnaires, a été occupée par les habitants ruraux, débarrassée des bâtiments anciens restants et transformée en champs irrigués. Aujourd&#8217;hui, les champs sont pour la plupart abandonnés et seules les anciennes fondations sur leurs frontières survivent.</p>
						</div>
				</div>
					</div>
				</div>
							</div>

<p>Photo Gallery Elle est délimitée par le mur de fortification de la fin du IVe siècle av. qui en fait le tour et dont la majeure partie est visible à différentes hauteurs. Son plan d&#8217;étage a été étudié et enregistré par de nombreux archéologues étrangers du siècle dernier, les derniers étant Michaud et Blecon. Il [&hellip;]</p>
