{"id":1869,"date":"2023-10-10T01:31:23","date_gmt":"2023-10-09T22:31:23","guid":{"rendered":"https:\/\/delphi.econtentsys.gr\/index.php\/delphes\/"},"modified":"2023-10-14T18:26:07","modified_gmt":"2023-10-14T15:26:07","slug":"delphes","status":"publish","type":"page","link":"https:\/\/delphi.econtentsys.gr\/index.php\/delphes\/?lang=fr","title":{"rendered":"Delphes"},"content":{"rendered":"\t\t<div data-elementor-type=\"wp-page\" data-elementor-id=\"1869\" class=\"elementor elementor-1869 elementor-1858\" data-elementor-post-type=\"page\">\n\t\t\t\t\t\t\t<div class=\"elementor-element elementor-element-eb9aec0 e-flex e-con-boxed e-con e-parent\" data-id=\"eb9aec0\" data-element_type=\"container\" data-settings=\"{&quot;background_background&quot;:&quot;classic&quot;,&quot;content_width&quot;:&quot;boxed&quot;}\" data-core-v316-plus=\"true\">\n\t\t\t\t\t<div class=\"e-con-inner\">\n\t\t\t\t\t<\/div>\n\t\t\t\t<\/div>\n\t\t<div class=\"elementor-element elementor-element-519d270 e-flex e-con-boxed e-con e-parent\" data-id=\"519d270\" data-element_type=\"container\" data-settings=\"{&quot;content_width&quot;:&quot;boxed&quot;}\" data-core-v316-plus=\"true\">\n\t\t\t\t\t<div class=\"e-con-inner\">\n\t\t<div class=\"elementor-element elementor-element-afada20 e-con-full e-flex e-con e-child\" data-id=\"afada20\" data-element_type=\"container\" data-settings=\"{&quot;content_width&quot;:&quot;full&quot;}\">\n\t\t\t\t<div class=\"elementor-element elementor-element-4f3f7b6 elementor-widget-mobile__width-auto elementor-widget elementor-widget-button\" data-id=\"4f3f7b6\" data-element_type=\"widget\" data-widget_type=\"button.default\">\n\t\t\t\t<div class=\"elementor-widget-container\">\n\t\t\t\t\t<div class=\"elementor-button-wrapper\">\n\t\t\t<a class=\"elementor-button elementor-button-link elementor-size-sm\" href=\"https:\/\/delphi.econtentsys.gr\/index.php\/gallery-2\/%ce%b4%ce%b5%ce%bb%cf%86%ce%bf%ce%af\/\">\n\t\t\t\t\t\t<span class=\"elementor-button-content-wrapper\">\n\t\t\t\t\t\t<span class=\"elementor-button-text\">Photo Gallery<\/span>\n\t\t<\/span>\n\t\t\t\t\t<\/a>\n\t\t<\/div>\n\t\t\t\t<\/div>\n\t\t\t\t<\/div>\n\t\t\t\t<\/div>\n\t\t<div class=\"elementor-element elementor-element-e32fcfa e-con-full e-flex e-con e-child\" data-id=\"e32fcfa\" data-element_type=\"container\" data-settings=\"{&quot;content_width&quot;:&quot;full&quot;}\">\n\t\t\t\t<div class=\"elementor-element elementor-element-da5c871 elementor-widget-mobile__width-auto elementor-widget elementor-widget-button\" data-id=\"da5c871\" data-element_type=\"widget\" data-widget_type=\"button.default\">\n\t\t\t\t<div class=\"elementor-widget-container\">\n\t\t\t\t\t<div class=\"elementor-button-wrapper\">\n\t\t\t<a class=\"elementor-button elementor-button-link elementor-size-sm\" href=\"https:\/\/delphi.econtentsys.gr\/index.php\/videos-delphi\/?lang=fr\">\n\t\t\t\t\t\t<span class=\"elementor-button-content-wrapper\">\n\t\t\t\t\t\t<span class=\"elementor-button-text\">Video Gallery<\/span>\n\t\t<\/span>\n\t\t\t\t\t<\/a>\n\t\t<\/div>\n\t\t\t\t<\/div>\n\t\t\t\t<\/div>\n\t\t\t\t<\/div>\n\t\t\t\t\t<\/div>\n\t\t\t\t<\/div>\n\t\t<div class=\"elementor-element elementor-element-7677505 e-flex e-con-boxed e-con e-parent\" data-id=\"7677505\" data-element_type=\"container\" data-settings=\"{&quot;content_width&quot;:&quot;boxed&quot;}\" data-core-v316-plus=\"true\">\n\t\t\t\t\t<div class=\"e-con-inner\">\n\t\t\t\t<div class=\"elementor-element elementor-element-c2e66cb elementor-widget elementor-widget-text-editor\" data-id=\"c2e66cb\" data-element_type=\"widget\" data-widget_type=\"text-editor.default\">\n\t\t\t\t<div class=\"elementor-widget-container\">\n\t\t\t<style>\/*! elementor - v3.16.0 - 09-10-2023 *\/\n.elementor-widget-text-editor.elementor-drop-cap-view-stacked .elementor-drop-cap{background-color:#69727d;color:#fff}.elementor-widget-text-editor.elementor-drop-cap-view-framed .elementor-drop-cap{color:#69727d;border:3px solid;background-color:transparent}.elementor-widget-text-editor:not(.elementor-drop-cap-view-default) .elementor-drop-cap{margin-top:8px}.elementor-widget-text-editor:not(.elementor-drop-cap-view-default) .elementor-drop-cap-letter{width:1em;height:1em}.elementor-widget-text-editor .elementor-drop-cap{float:left;text-align:center;line-height:1;font-size:50px}.elementor-widget-text-editor .elementor-drop-cap-letter{display:inline-block}<\/style>\t\t\t\t<p><\/p>\n<p>L\u2019un des lieux les plus grandioses du monde, le \u00ab Nombril du Monde \u00bb selon les Grecs anciens. \u00c0 deux heures seulement d\u2019Ath\u00e8nes, c\u2019est la \u00ab porte \u00bb naturelle du D\u00e8me de Delphes et l\u2019une des destinations de pr\u00e9dilection des visiteurs de la Gr\u00e8ce. Monument du patrimoine mondial de l\u2019UNESCO avec son site arch\u00e9ologique qui cr\u00e9e l\u2019une des plus inoubliables exp\u00e9riences grecques (selon une enqu\u00eate de l\u2019Organisme Hell\u00e9nique du Tourisme).  <\/p>\n<p>La mythologie et l\u2019histoire se r\u00e9unissent dans un d\u00e9cor g\u00e9ophysique \u00e0 couper le souffle, submergeant le visiteur d\u2019\u00e9nergie positive. Disposant d\u2019un large r\u00e9seau de structures d\u2019accueil et d\u2019h\u00e9bergement, de restauration et de commerce, d\u2019un vaste maillage de sentiers antiques et modernes, au carrefour entre mer et montagne, c\u2019est le point de d\u00e9part id\u00e9al pour vous lancer \u00e0 la d\u00e9couverte de l\u2019enchanteresse terre delphique. <\/p>\n<p>Delphes abritait dans l\u2019antiquit\u00e9 l\u2019oracle le plus important du monde hell\u00e9nique. Le site se range parmi les 100 lieux les plus sacr\u00e9s au monde. Ici, o\u00f9 jadis convergeaient rois et commun des mortels, hommes politiques et strat\u00e8ges dans l\u2019espoir d\u2019arracher quelque oracle favorable au dieu Apollon. L\u2019Oracle de Delphes a marqu\u00e9 \u00e0 jamais l\u2019histoire hell\u00e9nique et mondiale. Le site fut habit\u00e9 d\u00e8s l\u2019\u00e8re Myc\u00e9nienne (XIV\u00e8me-XI\u00e8me s. av. J.C.) et fut choisi pour capitale de l\u2019Amphictyonie Delphique (VI\u00e8me s. av. J.C.). Le sanctuaire connut l&#8217;apog\u00e9e de sa gloire entre le IV\u00e8me s. av. J.C. et le IV\u00e8me s. ap. J.C. environ avec les Jeux Pythiques pour point de r\u00e9f\u00e9rence. Les fouilles de 1882 ramen\u00e8rent au jour les ruines du lieu sacr\u00e9. D\u00e8s 1883, le village fut transf\u00e9r\u00e9 300 m\u00e8tres plus \u00e0 l\u2019ouest, \u00e0 l\u2019emplacement actuel de la ville moderne de Delphes.<\/p>\n<p><\/p>\t\t\t\t\t\t<\/div>\n\t\t\t\t<\/div>\n\t\t\t\t\t<\/div>\n\t\t\t\t<\/div>\n\t\t\t\t\t\t\t<\/div>\n\t\t","protected":false},"excerpt":{"rendered":"<p>Photo Gallery Video Gallery L\u2019un des lieux les plus grandioses du monde, le \u00ab Nombril du Monde \u00bb selon les Grecs anciens. \u00c0 deux heures seulement d\u2019Ath\u00e8nes, c\u2019est la \u00ab porte \u00bb naturelle du D\u00e8me de Delphes et l\u2019une des destinations de pr\u00e9dilection des visiteurs de la Gr\u00e8ce. Monument du patrimoine mondial de l\u2019UNESCO avec [&hellip;]<\/p>\n","protected":false},"author":1,"featured_media":0,"parent":0,"menu_order":0,"comment_status":"closed","ping_status":"closed","template":"","meta":{"_vp_format_video_url":"","_vp_image_focal_point":[],"footnotes":""},"class_list":["post-1869","page","type-page","status-publish","hentry"],"_links":{"self":[{"href":"https:\/\/delphi.econtentsys.gr\/index.php\/wp-json\/wp\/v2\/pages\/1869","targetHints":{"allow":["GET"]}}],"collection":[{"href":"https:\/\/delphi.econtentsys.gr\/index.php\/wp-json\/wp\/v2\/pages"}],"about":[{"href":"https:\/\/delphi.econtentsys.gr\/index.php\/wp-json\/wp\/v2\/types\/page"}],"author":[{"embeddable":true,"href":"https:\/\/delphi.econtentsys.gr\/index.php\/wp-json\/wp\/v2\/users\/1"}],"replies":[{"embeddable":true,"href":"https:\/\/delphi.econtentsys.gr\/index.php\/wp-json\/wp\/v2\/comments?post=1869"}],"version-history":[{"count":9,"href":"https:\/\/delphi.econtentsys.gr\/index.php\/wp-json\/wp\/v2\/pages\/1869\/revisions"}],"predecessor-version":[{"id":3724,"href":"https:\/\/delphi.econtentsys.gr\/index.php\/wp-json\/wp\/v2\/pages\/1869\/revisions\/3724"}],"wp:attachment":[{"href":"https:\/\/delphi.econtentsys.gr\/index.php\/wp-json\/wp\/v2\/media?parent=1869"}],"curies":[{"name":"wp","href":"https:\/\/api.w.org\/{rel}","templated":true}]}}