{"id":1629,"date":"2023-10-09T01:05:53","date_gmt":"2023-10-08T22:05:53","guid":{"rendered":"https:\/\/delphi.econtentsys.gr\/index.php\/sanctuaire-de-demeter-de-lancienne-erochos\/"},"modified":"2023-10-14T18:27:16","modified_gmt":"2023-10-14T15:27:16","slug":"sanctuaire-de-demeter-de-lancienne-erochos","status":"publish","type":"page","link":"https:\/\/delphi.econtentsys.gr\/index.php\/sanctuaire-de-demeter-de-lancienne-erochos\/?lang=fr","title":{"rendered":"Sanctuaire de D\u00e9m\u00e9ter de l&#8217;ancien Erochos"},"content":{"rendered":"\t\t<div data-elementor-type=\"wp-page\" data-elementor-id=\"1629\" class=\"elementor elementor-1629 elementor-1626\" data-elementor-post-type=\"page\">\n\t\t\t\t\t\t\t<div class=\"elementor-element elementor-element-a5b5167 e-flex e-con-boxed e-con e-parent\" data-id=\"a5b5167\" data-element_type=\"container\" data-settings=\"{&quot;background_background&quot;:&quot;classic&quot;,&quot;content_width&quot;:&quot;boxed&quot;}\" data-core-v316-plus=\"true\">\n\t\t\t\t\t<div class=\"e-con-inner\">\n\t\t\t\t\t<\/div>\n\t\t\t\t<\/div>\n\t\t<div class=\"elementor-element elementor-element-14d39941 e-flex e-con-boxed e-con e-parent\" data-id=\"14d39941\" data-element_type=\"container\" data-settings=\"{&quot;content_width&quot;:&quot;boxed&quot;}\" data-core-v316-plus=\"true\">\n\t\t\t\t\t<div class=\"e-con-inner\">\n\t\t\t\t<div class=\"elementor-element elementor-element-4e869ae elementor-widget-mobile__width-auto elementor-align-center elementor-widget elementor-widget-button\" data-id=\"4e869ae\" data-element_type=\"widget\" data-widget_type=\"button.default\">\n\t\t\t\t<div class=\"elementor-widget-container\">\n\t\t\t\t\t<div class=\"elementor-button-wrapper\">\n\t\t\t<a class=\"elementor-button elementor-button-link elementor-size-sm\" href=\"https:\/\/delphi.econtentsys.gr\/index.php\/gallery-2\/%ce%b9%ce%b5%cf%81%cf%8c-%cf%84%ce%b7%cf%82-%ce%b4%ce%ae%ce%bc%ce%b7%cf%84%cf%81%ce%b1%cf%82-%cf%84%ce%bf%cf%85-%ce%b1%cf%81%cf%87%ce%b1%ce%af%ce%bf%cf%85-%ce%b5%cf%81%cf%8e%cf%87%ce%bf%cf%85\/\">\n\t\t\t\t\t\t<span class=\"elementor-button-content-wrapper\">\n\t\t\t\t\t\t<span class=\"elementor-button-text\">Photo Gallery<\/span>\n\t\t<\/span>\n\t\t\t\t\t<\/a>\n\t\t<\/div>\n\t\t\t\t<\/div>\n\t\t\t\t<\/div>\n\t\t\t\t<div class=\"elementor-element elementor-element-5ac7467d elementor-widget elementor-widget-text-editor\" data-id=\"5ac7467d\" data-element_type=\"widget\" data-widget_type=\"text-editor.default\">\n\t\t\t\t<div class=\"elementor-widget-container\">\n\t\t\t<style>\/*! elementor - v3.16.0 - 09-10-2023 *\/\n.elementor-widget-text-editor.elementor-drop-cap-view-stacked .elementor-drop-cap{background-color:#69727d;color:#fff}.elementor-widget-text-editor.elementor-drop-cap-view-framed .elementor-drop-cap{color:#69727d;border:3px solid;background-color:transparent}.elementor-widget-text-editor:not(.elementor-drop-cap-view-default) .elementor-drop-cap{margin-top:8px}.elementor-widget-text-editor:not(.elementor-drop-cap-view-default) .elementor-drop-cap-letter{width:1em;height:1em}.elementor-widget-text-editor .elementor-drop-cap{float:left;text-align:center;line-height:1;font-size:50px}.elementor-widget-text-editor .elementor-drop-cap-letter{display:inline-block}<\/style>\t\t\t\t<p>Il est situ\u00e9 au nord-est de Polydross et juste en bordure du quartier r\u00e9sidentiel. Il a \u00e9t\u00e9 d\u00e9couvert par hasard en 1928 par la d\u00e9couverte d&#8217;une pierre tombale inscrite avec l&#8217;inscription \u039c\u039d\u0391\u03a3\u0399\u039a\u039b\u0395(\u0399\u0391) \u0394\u0391\u039c\u0391\u03a4\u03a1\u0399 \u039a\u0391\u0399 \u039a\u039f\u03a1\u0397. Une fouille syst\u00e9matique fut effectu\u00e9e par X. Carouzos durant les ann\u00e9es 1928-1932 qui r\u00e9v\u00e9la dans 1\/3 de celle-ci, un sanctuaire de la d\u00e9esse D\u00e9m\u00e9ter et de sa fille Pers\u00e9phone avec une multitude d&#8217;ex-voto. Tous ont \u00e9t\u00e9 transf\u00e9r\u00e9s au Mus\u00e9e Arch\u00e9ologique de Th\u00e8bes. \u00c0 partir d&#8217;une coupe en argent de la fouille avec l&#8217;inscription \u0394\u0391\u039c\u0391\u03a4\u03a1\u0399 \u0395\u039d \u0395\u03a1\u03a9\u03a7\u039f\u0399, l&#8217;emplacement de l&#8217;ancien Erochos au sud de Polydros a \u00e9galement \u00e9t\u00e9 identifi\u00e9, qui jusque-l\u00e0 \u00e9tait mentionn\u00e9 dans les sources (H\u00e9rodote, Pausanias) mais restait non identifi\u00e9.      <\/p>\n\t\t\t\t\t\t<\/div>\n\t\t\t\t<\/div>\n\t\t\t\t\t<\/div>\n\t\t\t\t<\/div>\n\t\t\t\t\t\t\t<\/div>\n\t\t","protected":false},"excerpt":{"rendered":"<p>Photo Gallery Il est situ\u00e9 au nord-est de Polydross et juste en bordure du quartier r\u00e9sidentiel. Il a \u00e9t\u00e9 d\u00e9couvert par hasard en 1928 par la d\u00e9couverte d&#8217;une pierre tombale inscrite avec l&#8217;inscription \u039c\u039d\u0391\u03a3\u0399\u039a\u039b\u0395(\u0399\u0391) \u0394\u0391\u039c\u0391\u03a4\u03a1\u0399 \u039a\u0391\u0399 \u039a\u039f\u03a1\u0397. Une fouille syst\u00e9matique fut effectu\u00e9e par X. Carouzos durant les ann\u00e9es 1928-1932 qui r\u00e9v\u00e9la dans 1\/3 de celle-ci, [&hellip;]<\/p>\n","protected":false},"author":1,"featured_media":0,"parent":0,"menu_order":0,"comment_status":"closed","ping_status":"closed","template":"","meta":{"_vp_format_video_url":"","_vp_image_focal_point":[],"footnotes":""},"class_list":["post-1629","page","type-page","status-publish","hentry"],"_links":{"self":[{"href":"https:\/\/delphi.econtentsys.gr\/index.php\/wp-json\/wp\/v2\/pages\/1629","targetHints":{"allow":["GET"]}}],"collection":[{"href":"https:\/\/delphi.econtentsys.gr\/index.php\/wp-json\/wp\/v2\/pages"}],"about":[{"href":"https:\/\/delphi.econtentsys.gr\/index.php\/wp-json\/wp\/v2\/types\/page"}],"author":[{"embeddable":true,"href":"https:\/\/delphi.econtentsys.gr\/index.php\/wp-json\/wp\/v2\/users\/1"}],"replies":[{"embeddable":true,"href":"https:\/\/delphi.econtentsys.gr\/index.php\/wp-json\/wp\/v2\/comments?post=1629"}],"version-history":[{"count":7,"href":"https:\/\/delphi.econtentsys.gr\/index.php\/wp-json\/wp\/v2\/pages\/1629\/revisions"}],"predecessor-version":[{"id":3739,"href":"https:\/\/delphi.econtentsys.gr\/index.php\/wp-json\/wp\/v2\/pages\/1629\/revisions\/3739"}],"wp:attachment":[{"href":"https:\/\/delphi.econtentsys.gr\/index.php\/wp-json\/wp\/v2\/media?parent=1629"}],"curies":[{"name":"wp","href":"https:\/\/api.w.org\/{rel}","templated":true}]}}