{"id":1608,"date":"2023-10-09T01:01:43","date_gmt":"2023-10-08T22:01:43","guid":{"rendered":"https:\/\/delphi.econtentsys.gr\/index.php\/histoire-de-polydrososos\/"},"modified":"2023-10-14T18:28:31","modified_gmt":"2023-10-14T15:28:31","slug":"histoire-de-polydrososos","status":"publish","type":"page","link":"https:\/\/delphi.econtentsys.gr\/index.php\/histoire-de-polydrososos\/?lang=fr","title":{"rendered":"Histoire de Polydrososos"},"content":{"rendered":"\t\t<div data-elementor-type=\"wp-page\" data-elementor-id=\"1608\" class=\"elementor elementor-1608 elementor-1605\" data-elementor-post-type=\"page\">\n\t\t\t\t\t\t\t<div class=\"elementor-element elementor-element-a5b5167 e-flex e-con-boxed e-con e-parent\" data-id=\"a5b5167\" data-element_type=\"container\" data-settings=\"{&quot;background_background&quot;:&quot;classic&quot;,&quot;content_width&quot;:&quot;boxed&quot;}\" data-core-v316-plus=\"true\">\n\t\t\t\t\t<div class=\"e-con-inner\">\n\t\t\t\t\t<\/div>\n\t\t\t\t<\/div>\n\t\t<div class=\"elementor-element elementor-element-11c0732 e-flex e-con-boxed e-con e-parent\" data-id=\"11c0732\" data-element_type=\"container\" data-settings=\"{&quot;content_width&quot;:&quot;boxed&quot;}\" data-core-v316-plus=\"true\">\n\t\t\t\t\t<div class=\"e-con-inner\">\n\t\t<div class=\"elementor-element elementor-element-92b6cee e-con-full e-flex e-con e-child\" data-id=\"92b6cee\" data-element_type=\"container\" data-settings=\"{&quot;content_width&quot;:&quot;full&quot;}\">\n\t\t\t\t<div class=\"elementor-element elementor-element-4b04680 elementor-widget-mobile__width-auto elementor-widget elementor-widget-button\" data-id=\"4b04680\" data-element_type=\"widget\" data-widget_type=\"button.default\">\n\t\t\t\t<div class=\"elementor-widget-container\">\n\t\t\t\t\t<div class=\"elementor-button-wrapper\">\n\t\t\t<a class=\"elementor-button elementor-button-link elementor-size-sm\" href=\"https:\/\/delphi.econtentsys.gr\/index.php\/gallery-2\/%ce%ba%ce%bf%ce%b9%ce%bd%cf%8c%cf%84%ce%b7%cf%84%ce%b1-%cf%80%ce%bf%ce%bb%cf%85%ce%b4%cf%81%cf%8c%cf%83%ce%bf%cf%85-%ce%b9%cf%83%cf%84%ce%bf%cf%81%ce%af%ce%b1\/\">\n\t\t\t\t\t\t<span class=\"elementor-button-content-wrapper\">\n\t\t\t\t\t\t<span class=\"elementor-button-text\">Photo Gallery<\/span>\n\t\t<\/span>\n\t\t\t\t\t<\/a>\n\t\t<\/div>\n\t\t\t\t<\/div>\n\t\t\t\t<\/div>\n\t\t\t\t<\/div>\n\t\t<div class=\"elementor-element elementor-element-4a721d4 e-con-full e-flex e-con e-child\" data-id=\"4a721d4\" data-element_type=\"container\" data-settings=\"{&quot;content_width&quot;:&quot;full&quot;}\">\n\t\t\t\t<div class=\"elementor-element elementor-element-fe6c721 elementor-widget-mobile__width-auto elementor-widget elementor-widget-button\" data-id=\"fe6c721\" data-element_type=\"widget\" data-widget_type=\"button.default\">\n\t\t\t\t<div class=\"elementor-widget-container\">\n\t\t\t\t\t<div class=\"elementor-button-wrapper\">\n\t\t\t<a class=\"elementor-button elementor-button-link elementor-size-sm\" href=\"https:\/\/delphi.econtentsys.gr\/index.php\/videos-delphi\/?lang=fr\">\n\t\t\t\t\t\t<span class=\"elementor-button-content-wrapper\">\n\t\t\t\t\t\t<span class=\"elementor-button-text\">Video Gallery<\/span>\n\t\t<\/span>\n\t\t\t\t\t<\/a>\n\t\t<\/div>\n\t\t\t\t<\/div>\n\t\t\t\t<\/div>\n\t\t\t\t<\/div>\n\t\t\t\t\t<\/div>\n\t\t\t\t<\/div>\n\t\t<div class=\"elementor-element elementor-element-14d39941 e-flex e-con-boxed e-con e-parent\" data-id=\"14d39941\" data-element_type=\"container\" data-settings=\"{&quot;content_width&quot;:&quot;boxed&quot;}\" data-core-v316-plus=\"true\">\n\t\t\t\t\t<div class=\"e-con-inner\">\n\t\t\t\t<div class=\"elementor-element elementor-element-5ac7467d elementor-widget elementor-widget-text-editor\" data-id=\"5ac7467d\" data-element_type=\"widget\" data-widget_type=\"text-editor.default\">\n\t\t\t\t<div class=\"elementor-widget-container\">\n\t\t\t<style>\/*! elementor - v3.16.0 - 09-10-2023 *\/\n.elementor-widget-text-editor.elementor-drop-cap-view-stacked .elementor-drop-cap{background-color:#69727d;color:#fff}.elementor-widget-text-editor.elementor-drop-cap-view-framed .elementor-drop-cap{color:#69727d;border:3px solid;background-color:transparent}.elementor-widget-text-editor:not(.elementor-drop-cap-view-default) .elementor-drop-cap{margin-top:8px}.elementor-widget-text-editor:not(.elementor-drop-cap-view-default) .elementor-drop-cap-letter{width:1em;height:1em}.elementor-widget-text-editor .elementor-drop-cap{float:left;text-align:center;line-height:1;font-size:50px}.elementor-widget-text-editor .elementor-drop-cap-letter{display:inline-block}<\/style>\t\t\t\t<p>Polydroso ou Souvala<br \/>Polydrosos ou Souvala (\u00e9tait l&#8217;ancien nom du village o\u00f9 sa signification est un creux entour\u00e9 de montagnes &#8211; marais &#8211; beaucoup d&#8217;eau. En 1927, apr\u00e8s une d\u00e9cision gouvernementale, il a chang\u00e9 de nom car jusque-l\u00e0 de nombreux villages en Gr\u00e8ce avaient des noms \u00e9trangers principalement slaves. ou turc). Kefalochori de DE Parnasse, municipalit\u00e9 de Delphes, pr\u00e9fecture de Fokida, construit sur les pentes nord-est du Parnasse \u00e0 une altitude de 380 m. Sa position d&#8217;origine \u00e9tait plus \u00e9lev\u00e9e l\u00e0 o\u00f9 Ano Polydrosos se dresse et se vante aujourd&#8217;hui. Polydrosos couvre tous les go\u00fbts de chaque visiteur car il existe d&#8217;excellentes infrastructures d&#8217;h\u00e9bergement et de restauration.     <br \/>Ano Polydroso<br \/>Ano Polydrosos ou Ano Souvala est une destination d&#8217;hiver ainsi qu&#8217;une station baln\u00e9aire d&#8217;\u00e9t\u00e9. Le visiteur appr\u00e9ciera la nourriture et son s\u00e9jour dans la for\u00eat verdoyante qui regorge de sapins, de pins, de pommiers, de cerises, de cerisiers, de nombreuses eaux et sources, il verra la Vierge Marie la Dame des Anges ou la Vierge Marie Kyrgia, l&#8217;\u00e9glise et la source d&#8217;Agia Varvara o\u00f9 l&#8217;on peut voir dans l&#8217;\u00e9glise l&#8217;iconostase en bois sculpt\u00e9 qui a \u00e9t\u00e9 r\u00e9alis\u00e9e par les artisans de Souvaliota et qui r\u00e9alisera toutes les activit\u00e9s mentionn\u00e9es dans la section ci-dessus.    <br \/>Le sentier national E22 relie Parnassos \u00e0 Parnitha, passe par le sommet du Liakoura Parnassos et descend \u00e0 Polydrossos. La zone alpine sauvage est suivie par l&#8217;environnement naturel enchanteur du parc national du Parnasse o\u00f9 se trouve une dense for\u00eat de sapins avec d&#8217;\u00e9pais peuplements de pins noirs. Il continue \u00e0 travers les pittoresques Ano Polydrossos et Polydrossos, se terminant aux sources de Boiotiko Kifissos.  <\/p>\n\t\t\t\t\t\t<\/div>\n\t\t\t\t<\/div>\n\t\t\t\t\t<\/div>\n\t\t\t\t<\/div>\n\t\t\t\t\t\t\t<\/div>\n\t\t","protected":false},"excerpt":{"rendered":"<p>Photo Gallery Video Gallery Polydroso ou SouvalaPolydrosos ou Souvala (\u00e9tait l&#8217;ancien nom du village o\u00f9 sa signification est un creux entour\u00e9 de montagnes &#8211; marais &#8211; beaucoup d&#8217;eau. En 1927, apr\u00e8s une d\u00e9cision gouvernementale, il a chang\u00e9 de nom car jusque-l\u00e0 de nombreux villages en Gr\u00e8ce avaient des noms \u00e9trangers principalement slaves. ou turc). Kefalochori [&hellip;]<\/p>\n","protected":false},"author":1,"featured_media":0,"parent":0,"menu_order":0,"comment_status":"closed","ping_status":"closed","template":"","meta":{"_vp_format_video_url":"","_vp_image_focal_point":[],"footnotes":""},"class_list":["post-1608","page","type-page","status-publish","hentry"],"_links":{"self":[{"href":"https:\/\/delphi.econtentsys.gr\/index.php\/wp-json\/wp\/v2\/pages\/1608","targetHints":{"allow":["GET"]}}],"collection":[{"href":"https:\/\/delphi.econtentsys.gr\/index.php\/wp-json\/wp\/v2\/pages"}],"about":[{"href":"https:\/\/delphi.econtentsys.gr\/index.php\/wp-json\/wp\/v2\/types\/page"}],"author":[{"embeddable":true,"href":"https:\/\/delphi.econtentsys.gr\/index.php\/wp-json\/wp\/v2\/users\/1"}],"replies":[{"embeddable":true,"href":"https:\/\/delphi.econtentsys.gr\/index.php\/wp-json\/wp\/v2\/comments?post=1608"}],"version-history":[{"count":4,"href":"https:\/\/delphi.econtentsys.gr\/index.php\/wp-json\/wp\/v2\/pages\/1608\/revisions"}],"predecessor-version":[{"id":3754,"href":"https:\/\/delphi.econtentsys.gr\/index.php\/wp-json\/wp\/v2\/pages\/1608\/revisions\/3754"}],"wp:attachment":[{"href":"https:\/\/delphi.econtentsys.gr\/index.php\/wp-json\/wp\/v2\/media?parent=1608"}],"curies":[{"name":"wp","href":"https:\/\/api.w.org\/{rel}","templated":true}]}}