{"id":1549,"date":"2023-10-08T23:44:42","date_gmt":"2023-10-08T20:44:42","guid":{"rendered":"https:\/\/delphi.econtentsys.gr\/index.php\/mariolata\/"},"modified":"2023-10-14T18:37:57","modified_gmt":"2023-10-14T15:37:57","slug":"mariolata","status":"publish","type":"page","link":"https:\/\/delphi.econtentsys.gr\/index.php\/mariolata\/?lang=fr","title":{"rendered":"Mariolata"},"content":{"rendered":"\t\t<div data-elementor-type=\"wp-page\" data-elementor-id=\"1549\" class=\"elementor elementor-1549 elementor-1533\" data-elementor-post-type=\"page\">\n\t\t\t\t\t\t\t<div class=\"elementor-element elementor-element-a5b5167 e-flex e-con-boxed e-con e-parent\" data-id=\"a5b5167\" data-element_type=\"container\" data-settings=\"{&quot;background_background&quot;:&quot;classic&quot;,&quot;content_width&quot;:&quot;boxed&quot;}\" data-core-v316-plus=\"true\">\n\t\t\t\t\t<div class=\"e-con-inner\">\n\t\t\t\t\t<\/div>\n\t\t\t\t<\/div>\n\t\t<div class=\"elementor-element elementor-element-14d39941 e-flex e-con-boxed e-con e-parent\" data-id=\"14d39941\" data-element_type=\"container\" data-settings=\"{&quot;content_width&quot;:&quot;boxed&quot;}\" data-core-v316-plus=\"true\">\n\t\t\t\t\t<div class=\"e-con-inner\">\n\t\t\t\t<div class=\"elementor-element elementor-element-bcf1f0b elementor-widget-mobile__width-auto elementor-align-center elementor-widget elementor-widget-button\" data-id=\"bcf1f0b\" data-element_type=\"widget\" data-widget_type=\"button.default\">\n\t\t\t\t<div class=\"elementor-widget-container\">\n\t\t\t\t\t<div class=\"elementor-button-wrapper\">\n\t\t\t<a class=\"elementor-button elementor-button-link elementor-size-sm\" href=\"https:\/\/delphi.econtentsys.gr\/index.php\/gallery-2\/%ce%ba%ce%bf%ce%b9%ce%bd%cf%8c%cf%84%ce%b7%cf%84%ce%b1-%ce%bc%ce%b1%cf%81%ce%b9%ce%bf%ce%bb%ce%ac%cf%84%ce%b1%cf%82\/\">\n\t\t\t\t\t\t<span class=\"elementor-button-content-wrapper\">\n\t\t\t\t\t\t<span class=\"elementor-button-text\">Photo Gallery<\/span>\n\t\t<\/span>\n\t\t\t\t\t<\/a>\n\t\t<\/div>\n\t\t\t\t<\/div>\n\t\t\t\t<\/div>\n\t\t\t\t<div class=\"elementor-element elementor-element-5ac7467d elementor-widget elementor-widget-text-editor\" data-id=\"5ac7467d\" data-element_type=\"widget\" data-widget_type=\"text-editor.default\">\n\t\t\t\t<div class=\"elementor-widget-container\">\n\t\t\t<style>\/*! elementor - v3.16.0 - 09-10-2023 *\/\n.elementor-widget-text-editor.elementor-drop-cap-view-stacked .elementor-drop-cap{background-color:#69727d;color:#fff}.elementor-widget-text-editor.elementor-drop-cap-view-framed .elementor-drop-cap{color:#69727d;border:3px solid;background-color:transparent}.elementor-widget-text-editor:not(.elementor-drop-cap-view-default) .elementor-drop-cap{margin-top:8px}.elementor-widget-text-editor:not(.elementor-drop-cap-view-default) .elementor-drop-cap-letter{width:1em;height:1em}.elementor-widget-text-editor .elementor-drop-cap{float:left;text-align:center;line-height:1;font-size:50px}.elementor-widget-text-editor .elementor-drop-cap-letter{display:inline-block}<\/style>\t\t\t\t<p>Mariolata est une localit\u00e9 de l&#8217;unit\u00e9 r\u00e9gionale de Fokida, r\u00e9gion de Gr\u00e8ce centrale, et fait partie de la municipalit\u00e9 de Delphes. Il est construit au pied du Parnassos, \u00e0 une altitude de 390 m\u00e8tres. La r\u00e9gion est habit\u00e9e depuis l&#8217;Antiquit\u00e9, la ville s&#8217;appelait Boeon ou Voion et faisait partie de la quadropole dorienne, et nous la retrouvons dans Thucydide et Diodorus Sicilianus. Le nom de la ville pourrait avoir \u00e9t\u00e9 donn\u00e9 par les Doriens \u00e0 partir du nom de Boeos ou Boeos qui \u00e9tait le fils d&#8217;Hercule.  <br \/>La ville a \u00e9t\u00e9 d\u00e9truite au 3e av. si\u00e8cle par Philippe. Plus tard, nous la rencontrons \u00e0 H\u00e9rodote et Pausanias sous le nom de Charadra de la rivi\u00e8re Charadro, qui se jette dans Kifissos. <br \/>H\u00e9rodote dit que Charadra a \u00e9t\u00e9 d\u00e9truite avec Erochos [l&#8217;actuel Polydrosos] par Xerx\u00e8s en 480 av. alors qu&#8217;il descendait vers l&#8217;Attique apr\u00e8s la victoire des Thermopyles. Nous ne savons pas exactement quand il a pris le nom de Mariolata. \u00c0 l&#8217;\u00e9poque de l&#8217;occupation turque, on l&#8217;appelait Mariolata.Cet ancien carrefours des itin\u00e9raires antiques embrasse la route d\u00e9partementale centrale peu avant Gravia. Montez \u00e0 l\u2019horloge-aqueduc pour d\u00e9couvrir une vue panoramique splendide. (60 mn de Delphes, 5 mn de Gravia) <\/p>\n\t\t\t\t\t\t<\/div>\n\t\t\t\t<\/div>\n\t\t\t\t\t<\/div>\n\t\t\t\t<\/div>\n\t\t\t\t\t\t\t<\/div>\n\t\t","protected":false},"excerpt":{"rendered":"<p>Photo Gallery Mariolata est une localit\u00e9 de l&#8217;unit\u00e9 r\u00e9gionale de Fokida, r\u00e9gion de Gr\u00e8ce centrale, et fait partie de la municipalit\u00e9 de Delphes. Il est construit au pied du Parnassos, \u00e0 une altitude de 390 m\u00e8tres. La r\u00e9gion est habit\u00e9e depuis l&#8217;Antiquit\u00e9, la ville s&#8217;appelait Boeon ou Voion et faisait partie de la quadropole dorienne, [&hellip;]<\/p>\n","protected":false},"author":1,"featured_media":0,"parent":0,"menu_order":0,"comment_status":"closed","ping_status":"closed","template":"","meta":{"_vp_format_video_url":"","_vp_image_focal_point":[],"footnotes":""},"class_list":["post-1549","page","type-page","status-publish","hentry"],"_links":{"self":[{"href":"https:\/\/delphi.econtentsys.gr\/index.php\/wp-json\/wp\/v2\/pages\/1549","targetHints":{"allow":["GET"]}}],"collection":[{"href":"https:\/\/delphi.econtentsys.gr\/index.php\/wp-json\/wp\/v2\/pages"}],"about":[{"href":"https:\/\/delphi.econtentsys.gr\/index.php\/wp-json\/wp\/v2\/types\/page"}],"author":[{"embeddable":true,"href":"https:\/\/delphi.econtentsys.gr\/index.php\/wp-json\/wp\/v2\/users\/1"}],"replies":[{"embeddable":true,"href":"https:\/\/delphi.econtentsys.gr\/index.php\/wp-json\/wp\/v2\/comments?post=1549"}],"version-history":[{"count":4,"href":"https:\/\/delphi.econtentsys.gr\/index.php\/wp-json\/wp\/v2\/pages\/1549\/revisions"}],"predecessor-version":[{"id":3810,"href":"https:\/\/delphi.econtentsys.gr\/index.php\/wp-json\/wp\/v2\/pages\/1549\/revisions\/3810"}],"wp:attachment":[{"href":"https:\/\/delphi.econtentsys.gr\/index.php\/wp-json\/wp\/v2\/media?parent=1549"}],"curies":[{"name":"wp","href":"https:\/\/api.w.org\/{rel}","templated":true}]}}