{"id":1503,"date":"2023-10-08T23:35:37","date_gmt":"2023-10-08T20:35:37","guid":{"rendered":"https:\/\/delphi.econtentsys.gr\/index.php\/carre-fontaines\/"},"modified":"2023-10-14T18:47:05","modified_gmt":"2023-10-14T15:47:05","slug":"carre-fontaines","status":"publish","type":"page","link":"https:\/\/delphi.econtentsys.gr\/index.php\/carre-fontaines\/?lang=fr","title":{"rendered":"Place &amp; Fontaines"},"content":{"rendered":"\t\t<div data-elementor-type=\"wp-page\" data-elementor-id=\"1503\" class=\"elementor elementor-1503 elementor-1487\" data-elementor-post-type=\"page\">\n\t\t\t\t\t\t\t<div class=\"elementor-element elementor-element-a5b5167 e-flex e-con-boxed e-con e-parent\" data-id=\"a5b5167\" data-element_type=\"container\" data-settings=\"{&quot;background_background&quot;:&quot;classic&quot;,&quot;content_width&quot;:&quot;boxed&quot;}\" data-core-v316-plus=\"true\">\n\t\t\t\t\t<div class=\"e-con-inner\">\n\t\t<div class=\"elementor-element elementor-element-aa5138b e-con-full e-flex e-con e-child\" data-id=\"aa5138b\" data-element_type=\"container\" data-settings=\"{&quot;content_width&quot;:&quot;full&quot;}\">\n\t\t\t\t<div class=\"elementor-element elementor-element-4575da9 elementor-widget-mobile__width-auto elementor-absolute elementor-align-center elementor-widget elementor-widget-button\" data-id=\"4575da9\" data-element_type=\"widget\" data-settings=\"{&quot;_position&quot;:&quot;absolute&quot;}\" data-widget_type=\"button.default\">\n\t\t\t\t<div class=\"elementor-widget-container\">\n\t\t\t\t\t<div class=\"elementor-button-wrapper\">\n\t\t\t<a class=\"elementor-button elementor-button-link elementor-size-sm\" href=\"https:\/\/delphi.econtentsys.gr\/index.php\/gallery-2\/%cf%80%ce%bb%ce%b1%cf%84%ce%b5%ce%af%ce%b1-%ce%b2%cf%81%cf%8d%cf%83%ce%b5%cf%82\/\">\n\t\t\t\t\t\t<span class=\"elementor-button-content-wrapper\">\n\t\t\t\t\t\t<span class=\"elementor-button-text\">Photo Gallery<\/span>\n\t\t<\/span>\n\t\t\t\t\t<\/a>\n\t\t<\/div>\n\t\t\t\t<\/div>\n\t\t\t\t<\/div>\n\t\t\t\t<\/div>\n\t\t\t\t\t<\/div>\n\t\t\t\t<\/div>\n\t\t<div class=\"elementor-element elementor-element-14d39941 e-flex e-con-boxed e-con e-parent\" data-id=\"14d39941\" data-element_type=\"container\" data-settings=\"{&quot;content_width&quot;:&quot;boxed&quot;}\" data-core-v316-plus=\"true\">\n\t\t\t\t\t<div class=\"e-con-inner\">\n\t\t\t\t<div class=\"elementor-element elementor-element-5ac7467d elementor-widget elementor-widget-text-editor\" data-id=\"5ac7467d\" data-element_type=\"widget\" data-widget_type=\"text-editor.default\">\n\t\t\t\t<div class=\"elementor-widget-container\">\n\t\t\t<style>\/*! elementor - v3.16.0 - 09-10-2023 *\/\n.elementor-widget-text-editor.elementor-drop-cap-view-stacked .elementor-drop-cap{background-color:#69727d;color:#fff}.elementor-widget-text-editor.elementor-drop-cap-view-framed .elementor-drop-cap{color:#69727d;border:3px solid;background-color:transparent}.elementor-widget-text-editor:not(.elementor-drop-cap-view-default) .elementor-drop-cap{margin-top:8px}.elementor-widget-text-editor:not(.elementor-drop-cap-view-default) .elementor-drop-cap-letter{width:1em;height:1em}.elementor-widget-text-editor .elementor-drop-cap{float:left;text-align:center;line-height:1;font-size:50px}.elementor-widget-text-editor .elementor-drop-cap-letter{display:inline-block}<\/style>\t\t\t\t<p>Au milieu du village se trouve l&#8217;\u00e9glise d\u00e9di\u00e9e \u00e0 &#8220;l&#8217;Adoration de la Vierge&#8221; puis la belle place avec les platanes, les m\u00fbriers d\u00e9coratifs, le H\u00e9ros D\u00e9chu, l&#8217;aire de jeux, le magasin voisin. La place est l&#8217;\u0153uvre de l&#8217;Association des Mariolatans &#8220;La Naissance de la Vierge&#8221; et de nombreux villageois. \u00c0 l&#8217;entr\u00e9e de la place se trouve une fontaine en pierre, \u0153uvre de l&#8217;Association culturelle et \u00e9ducative des femmes Apantachou de Mariolata. Sur le pont qui relie le village inf\u00e9rieur \u00e0 la route du vieux village, dans les arbres, le visiteur a la possibilit\u00e9 de se reposer dans une zone noy\u00e9e dans la verdure, o\u00f9 une fontaine a \u00e9t\u00e9 construite, des bancs et des tables ont \u00e9t\u00e9 ajout\u00e9s par le Mariolata Women&#8217;s Association culturelle et \u00e9ducative. Dans le vieux village, Paliovrisi et Motso ont leur propre histoire.    <\/p>\n\t\t\t\t\t\t<\/div>\n\t\t\t\t<\/div>\n\t\t\t\t\t<\/div>\n\t\t\t\t<\/div>\n\t\t\t\t\t\t\t<\/div>\n\t\t","protected":false},"excerpt":{"rendered":"<p>Photo Gallery Au milieu du village se trouve l&#8217;\u00e9glise d\u00e9di\u00e9e \u00e0 &#8220;l&#8217;Adoration de la Vierge&#8221; puis la belle place avec les platanes, les m\u00fbriers d\u00e9coratifs, le H\u00e9ros D\u00e9chu, l&#8217;aire de jeux, le magasin voisin. La place est l&#8217;\u0153uvre de l&#8217;Association des Mariolatans &#8220;La Naissance de la Vierge&#8221; et de nombreux villageois. \u00c0 l&#8217;entr\u00e9e de la [&hellip;]<\/p>\n","protected":false},"author":1,"featured_media":0,"parent":0,"menu_order":0,"comment_status":"closed","ping_status":"closed","template":"","meta":{"_vp_format_video_url":"","_vp_image_focal_point":[],"footnotes":""},"class_list":["post-1503","page","type-page","status-publish","hentry"],"_links":{"self":[{"href":"https:\/\/delphi.econtentsys.gr\/index.php\/wp-json\/wp\/v2\/pages\/1503","targetHints":{"allow":["GET"]}}],"collection":[{"href":"https:\/\/delphi.econtentsys.gr\/index.php\/wp-json\/wp\/v2\/pages"}],"about":[{"href":"https:\/\/delphi.econtentsys.gr\/index.php\/wp-json\/wp\/v2\/types\/page"}],"author":[{"embeddable":true,"href":"https:\/\/delphi.econtentsys.gr\/index.php\/wp-json\/wp\/v2\/users\/1"}],"replies":[{"embeddable":true,"href":"https:\/\/delphi.econtentsys.gr\/index.php\/wp-json\/wp\/v2\/comments?post=1503"}],"version-history":[{"count":5,"href":"https:\/\/delphi.econtentsys.gr\/index.php\/wp-json\/wp\/v2\/pages\/1503\/revisions"}],"predecessor-version":[{"id":3870,"href":"https:\/\/delphi.econtentsys.gr\/index.php\/wp-json\/wp\/v2\/pages\/1503\/revisions\/3870"}],"wp:attachment":[{"href":"https:\/\/delphi.econtentsys.gr\/index.php\/wp-json\/wp\/v2\/media?parent=1503"}],"curies":[{"name":"wp","href":"https:\/\/api.w.org\/{rel}","templated":true}]}}